mainder when 366 is divided by w.
15
Let x(k) = 2*k - 21. Let n be x(12). Suppose n*p = 107 - 35. What is the remainder when p is divided by 13?
11
Suppose -2*v - 6 = -4*v. Suppose -i = v - 15. Suppose 2*s - 34 = i. What is the remainder when s is divided by 12?
11
Calculate the remainder when 952/10 + (-368)/(-460) is divided by 21.
12
Let d be ((-156)/65)/((-6)/20). Suppose 6*i + 14 = d*i. What is the remainder when 31 is divided by i?
3
Let j = 636 - 610. What is the remainder when j is divided by 9?
8
Let q(m) = m**2 + m - 5. Let o(g) = 14*g**2 - 604*g + 92. Calculate the remainder when q(-5) is divided by o(43).
3
Let a be 25/10 - 6/(-4). Suppose s = -a*r + 28, -4*r - 2*s - 10 = -34. Calculate the remainder when 31 is divided by r.
7
Suppose 0 = -2*l + h + 113, -4*l - h = -14 - 197. Let r = -29 - 86. Calculate the remainder when l is divided by r/(-6) + 4/(-24).
16
Calculate the remainder when 71 is divided by -1*-40*(-4 + (-9)/(-2)).
11
Suppose -2*r = h - 92, -4*r - 3*h + 6*h + 204 = 0. Suppose r*m - 40 = 44*m. What is the remainder when 38 is divided by m?
8
Suppose f - 50 = -4*f + 4*q, -3*q + 29 = f. Calculate the remainder when f is divided by ((-2)/7)/(1/(-14)).
2
Let k(f) = -f**2 + 6*f - 9. Let r(q) = 7*q - 8. Let v(p) = 3*k(p) - 4*r(p). What is the remainder when (-178)/(-14) - 6/(-21) is divided by v(-3)?
5
Calculate the remainder when 280 is divided by ((-1)/(-1 + 2))/((-38)/1216).
24
Let c(w) = -w**3 - 3*w**2 - 8*w - 13. Suppose 5*u = 3 + 2. Suppose -u = -b, 3*h - 4*b + 11 = 130. Calculate the remainder when h is divided by c(-3).
8
Let o(s) = 3*s**2 - 2*s - 6. Let a be o(-4). Let w = -45 + a. Calculate the remainder when w is divided by 3.
2
Let a = -282 + 497. Calculate the remainder when a is divided by 36.
35
Let t = -37 + 87. Suppose 4 = 2*f - 24. Let q = f + -1. What is the remainder when t is divided by q?
11
Suppose 2*l - 1 = 5. Suppose 2*v - r - 128 = 0, 0*v - 4*v + l*r = -254. Calculate the remainder when v is divided by (23/(-2))/((-28)/98 - (-6)/(-28)).
19
Let f = 225 - 202. Calculate the remainder when 61 is divided by f.
15
Let q(k) = -k**3 - 10*k**2 + 6*k**3 + 5*k**3 - 9*k**3 + 12*k + 13. Let g be q(9). Suppose -h + g - 13 = 0. What is the remainder when h is divided by 7?
6
Let t(n) = n**2 + 51*n. Calculate the remainder when 207 is divided by t(-52).
51
Suppose 0 = 15*d - 18*d - 12. Let x be (-5)/(5*2/d). Suppose -x*q + 12 = 3*q + 2*s, -4*q = 4*s. What is the remainder when 5 is divided by q?
1
Let l(d) = -371*d**3 - 5*d**2 - 10*d - 5. What is the remainder when l(-1) is divided by 95?
86
Let j = 18 + -17. What is the remainder when (-192)/120*(-5)/2 is divided by j?
0
Suppose -2*n + 3*v = 5 - 22, 4*v = -3*n. Suppose 2*u + 7 = 4*p - 3, -n*p - 5 = 3*u. Suppose p + 4 = j. Calculate the remainder when j is divided by 4.
1
Let g(q) = 3*q - 10. Let r be g(4). Suppose -2*h + r = -h. What is the remainder when 59/3 + h/6 is divided by 11?
9
Let a be (-2 + 10/4)*0. Suppose a = -3*z + 14 + 4. Let r(w) = 2*w - 5. Calculate the remainder when 13 is divided by r(z).
6
Suppose -44*q + 40*q + 4*d + 100 = 0, 5*d = q - 45. What is the remainder when 139 is divided by q?
19
Suppose -2*n = -3*n + 70. Suppose 0 = -6*x - n - 2. Calculate the remainder when 121 is divided by x/(-3)*93/12.
28
Calculate the remainder when 38/(-19) + (-22)/(-2) is divided by 5.
4
Let g(d) = 2*d**3 + 23*d**2 + 28*d + 12. Calculate the remainder when 107 is divided by g(-10).
11
Let g = -12 - -13. Let w(j) = -5*j**2 - j + 2. Let d be w(g). Let y(m) = -5*m - 6. What is the remainder when y(d) is divided by 8?
6
Let r(m) = 3*m + 80. What is the remainder when 6 is divided by r(-25)?
1
Suppose 6*d - 571 = 701. Calculate the remainder when d is divided by 43.
40
Let c = -1256 + 1292. Calculate the remainder when 168 is divided by c.
24
Let k be (78/(-21) + 2)/(6/(-21)). Calculate the remainder when 106 is divided by (-74)/(-6) - 2/k.
10
Let v = 35 + 20. What is the remainder when v is divided by 12?
7
Suppose 0 = -7*r + 6*r - 3*x + 326, 2*x - 656 = -2*r. What is the remainder when r is divided by 6?
5
Suppose 4*p + 4*o = 0, -4*o = 3*p - 7*o + 30. Let a(y) = -y + 20. Let w(h) = 7. Let g(r) = 2*a(r) - 7*w(r). What is the remainder when 2 is divided by g(p)?
0
Suppose -81*z - 490 = -88*z. What is the remainder when 106 is divided by z?
36
Let f = -256 - -307. Calculate the remainder when f is divided by 8.
3
Let p(r) = 2*r**2 - 33*r - 61. What is the remainder when 97 is divided by p(19)?
29
Let x(t) = t**2 - 193. What is the remainder when x(-16) is divided by 1/1 + 21*1?
19
Let f = -34 - -36. Let o(b) = b**3 + 13*b**2 + 13*b + 16. What is the remainder when o(-12) is divided by f?
0
Let l(m) = m**2 + 16*m + 36. Let s(k) = k + 1. Let x(g) = l(g) - 6*s(g). Calculate the remainder when 53 is divided by x(-7).
8
Suppose 45*t = 2710 + 4400. Calculate the remainder when t is divided by 56.
46
Let n(r) = 5*r - 2. Let q = -22 - -24. Calculate the remainder when 2/(-16)*-6*60 is divided by n(q).
5
Suppose -3*t + 1 = -4*p, 3*t = p - 0*t - 11. Let c be ((-24)/(-28))/(p/28). What is the remainder when c/(-4) - 106/(-4) is divided by 15?
13
Calculate the remainder when ((-412)/10 + 2)/((-44)/110) is divided by 33.
32
Suppose 55*j - 59*j + 568 = 0. Calculate the remainder when j is divided by 37.
31
Let s be 1910/40*36/3. Suppose u + s = 5*x, 0*x - 4*u = 4*x - 444. What is the remainder when x is divided by 13?
10
Suppose -3*j + 2*p = -j - 20, 2*j + 15 = -5*p. Suppose 4*i = 3*g - 2*g + 22, 5*i - 40 = -j*g. What is the remainder when 51 is divided by i?
3
Let f = -35 + 21. Let m = f - -19. Calculate the remainder when m is divided by 4.
1
Let w = -11 + 15. Suppose -2*u = -h + 2*h - 28, -w*u + 2*h + 56 = 0. Calculate the remainder when 20 is divided by (1 - -3)*u/8.
6
Let g(s) be the second derivative of s**5/20 + s**4 - 7*s**3/3 - s**2/2 + 25*s. Calculate the remainder when 23 is divided by g(-13).
11
Suppose o = -4*z - 299, 4*z + o - 151 = 6*z. Let j = -62 - z. What is the remainder when 25 is divided by j?
12
Let o = 110 + -80. Calculate the remainder when o is divided by 11.
8
Let k(p) = 5*p**2 - 135*p + 64. What is the remainder when k(27) is divided by 24?
16
Let n be 9/6 + (-12)/(-8). Suppose 21 = -0*c + n*c. Suppose 11 = 3*i - 2*i. What is the remainder when i is divided by c?
4
Let h be (-6)/(-4)*24/9. Suppose -4*p + h = -0*p - j, -5*p + 5*j = 10. Suppose -5*g - r = r - 14, -5*g = -5*r. What is the remainder when g is divided by p?
0
Suppose 0 = -5*d - 4*h + 52 + 30, -3*h = 21. Suppose 3*r - r - 130 = 0. What is the remainder when r is divided by d?
21
Suppose -8*y - 255 = -5*y. Let i = 125 + y. What is the remainder when i is divided by 11?
7
Let f(v) = v**2 + 14. Suppose 15 = -4*o + 3*r, 4*o - r + 10 = r. Let t be f(o). Suppose 9*p = 10*p - t. Calculate the remainder when p is divided by 8.
6
Suppose d = -2 + 7. Suppose d - 2 = x. Suppose 11 = 2*n + g, x = 3*n - 6*g + 3*g. What is the remainder when 5 is divided by n?
1
Suppose -141 - 4 = -2*c + n, 0 = 3*c + 5*n - 237. Let z = 112 - c. Let v = 1 + z. Calculate the remainder when v is divided by 10.
9
Let c(a) = -7*a**2 + 8 + 3*a + 281*a**3 - 282*a**3 - 3 + 2. Calculate the remainder when c(-9) is divided by 18.
16
Suppose -168 = -31*r + 19*r. Calculate the remainder when 725 is divided by r.
11
Suppose -7*j + 25*j - 954 = 0. Calculate the remainder when j is divided by 6.
5
Suppose -44 = -y - 5*k, -3*k = -2*y + 31 + 18. What is the remainder when 39 is divided by y?
10
Let p be 4 + -10 + 6 + (2 - 1). What is the remainder when (23 - (-2)/(-1))*p is divided by 5?
1
Suppose -3*z + 17*t - 14*t + 1920 = 0, t + 1283 = 2*z. What is the remainder when z is divided by 43?
41
Suppose -b + 227 = 4*q, 14 = 5*b - 1. Suppose 5*o = o + q. Calculate the remainder when 82 is divided by o.
12
Suppose 9*d - 878 - 1003 = 0. Calculate the remainder when d is divided by -1 - 64/(-1*4).
14
Suppose 2 = 2*w, -2*g = -0*g - 5*w - 1. Suppose g*m - 3 = -60. Let c = -7 - m. What is the remainder when 47 is divided by c?
11
Let r(j) = 7*j - 73. Calculate the remainder when 168 is divided by r(19).
48
Let p be (6/(-4))/((-4)/8). Suppose h + i - 4*i - 90 = 0, -4*h + p*i + 405 = 0. What is the remainder when h/3 + (-2 - -4) is divided by 13?